+ 2*d + 85 = -0*x. What is the units digit of x?
9
Suppose f - 1 = 0, -1 = -2*s + 5*f + 4. Suppose -2*d - 3*c = 10 + 1, s*c + 15 = -5*d. Suppose 48 = -0*w + d*w. What is the tens digit of w?
2
Suppose 14*i = 9*i + 275. Let n = -33 + i. What is the units digit of n*(-2 - (-9)/3)?
2
Suppose -3*j - 20 = -5*a, 4*j - 39 + 5 = -2*a. Suppose 2*h + 4*s = -12, -3*s + 20 = -3*h - a*s. What is the units digit of (h/24)/(2/(-198))?
3
Let b = -528 - -993. What is the units digit of b?
5
Let b(t) = -5*t + 10. Let x(d) = -d**2 - 26*d + 49. Let r(c) = 11*b(c) - 2*x(c). Suppose -342*o = -353*o + 55. What is the units digit of r(o)?
7
Let g = -193 + -39. What is the units digit of (g/(-10))/(14/35)?
8
Suppose -5*m - 5*g + 2530 = 0, 2096 = 4*m + 3*g + 74. What is the tens digit of m?
0
Let i(w) = -5*w**2 + 3*w + 10. Let t(a) = -11*a**2 + 6*a + 20. Let o(m) = 9*i(m) - 4*t(m). Let u be o(7). Let g = u - -26. What is the units digit of g?
8
Let p be (4 - 0/3) + 9*74. Suppose 5*j + p = 5*l, -l - 109 = -2*l - 4*j. What is the units digit of l?
9
Let h(q) = 2*q**2 + 9*q - 8. Let j be h(-7). Let t(p) = -p**3 + 12*p**2 - 20*p + 1. Let f be t(10). Let w = j + f. What is the units digit of w?
8
Let s = -17 + 36. Let w = -12 + s. Suppose -2*x = -w*x + 115. What is the units digit of x?
3
Let h be 2*(-4 - (-20)/8). Let p = 2 - h. Suppose -4*r = p*w - 118, -w + 48 = w + 2*r. What is the tens digit of w?
2
Let b(o) = 30*o**2 - 7. Let g be b(4). Suppose g = -6*f + f + 3*u, 0 = -u - 4. Let l = f + 159. What is the tens digit of l?
6
Let a = 4040 + -2259. What is the tens digit of a?
8
Let p = -8 + 8. Suppose k - 6 - 46 = p. Suppose 2*h = 26 + k. What is the tens digit of h?
3
Suppose -12*t - 1987 = -8851. What is the units digit of t?
2
Suppose 5*g - u = 566, 4*g + 224 = 6*g + 2*u. What is the units digit of g?
3
Suppose -4*h = 4*l - 1075 - 2345, 0 = -3*l. What is the units digit of h?
5
Suppose h + d - 26 - 18 = 0, 2*d + 142 = 3*h. Suppose 4*v - h = -14. Let o = v - 1. What is the units digit of o?
7
Let s be 2*(-3 - -3 - (3 + -2)). What is the units digit of (-91)/s + (-9)/6 + 1?
5
Let h(k) = 2*k**3 + 4*k**2 + k + 3. Let m be h(-3). Let l = 20 + m. Let w = l - -41. What is the tens digit of w?
4
Suppose 12612 = 35*k + 957. What is the hundreds digit of k?
3
What is the units digit of (-8044)/(-9) - (-6)/(-27)*-1?
4
What is the tens digit of 13/((-182)/105)*336/(-10)?
5
Let d(b) = 93*b - 1. Let h be d(3). Suppose f = 5*f - 2*k - h, f - 74 = 5*k. What is the tens digit of f?
6
Suppose 0 = -2*u - 9 - 13. Let r = 19 + u. Suppose -5*c + 7 = -r, -q - 3*c + 17 = 0. What is the units digit of q?
8
Suppose -5 = 5*j - 0. Let r(n) = 115*n**2 + 3*n + 2. Let s be r(j). What is the tens digit of (20/(-15))/((-2)/s)?
7
Let z(n) = 9*n**2 + 20*n + 87. What is the units digit of z(-6)?
1
Let y(x) = -x**3 - 9*x**2 + 4*x + 13. What is the tens digit of y(-12)?
9
Let n(b) = -3*b + 13. Let w be n(8). Let t(v) = 7*v**3 + 13*v**2 + 4*v**3 - 15*v**3 + 19*v + 5 + 5*v**3. What is the tens digit of t(w)?
3
Let v = 36 + -30. Let m = v + -5. Let t(j) = 54*j**3 - 2*j**2 + 1. What is the tens digit of t(m)?
5
Suppose 14*i - 21028 = 2156. What is the thousands digit of i?
1
Let g(u) = -2*u + 49. Suppose 0*j + 40 = 3*j + 4*y, -4*y - 24 = -5*j. What is the tens digit of g(j)?
3
Let b = 1350 + 3753. What is the units digit of b?
3
Let u(j) = -j**2 + 7. Let f be u(5). What is the units digit of (-2)/6 + ((-114)/f - 0)?
6
Suppose 5*t = 2*j + 280, -3*t + 3*j = -j - 182. What is the tens digit of t?
5
Let w = -33 + -1. Let r = w - -39. What is the units digit of r?
5
Let l = -387 + 674. What is the hundreds digit of l?
2
Suppose 19*l - 1100 = 3004. What is the hundreds digit of l?
2
Suppose -7*x + x - 24 = 0. Let l be (-77)/x + 6/8. Suppose 0 = -5*t - 5, 2*t - 100 = -2*c - l. What is the tens digit of c?
4
Suppose 4*g - 137 = h, -h - 136 = -2*g + 11. Let k = 319 + h. What is the tens digit of k?
6
Let i(x) = 8*x**2 + 5*x + 34. Let c be i(8). Let n = c - 348. What is the units digit of n?
8
What is the hundreds digit of 1 + (-3)/(-24) + (-3143)/(-8)?
3
Suppose 3*q + 926 = 5*m, -3*m + 200 = 2*q - 348. What is the units digit of m?
4
Let u(s) = s**2 - 14*s + 16. Let i be u(13). Suppose -3*b + 141 = i*h, 2*b + 3*h - 98 = -0*h. What is the tens digit of b?
4
Let m(i) = -i**3 - 2*i. Let o be m(-3). What is the tens digit of o/33*(1 - 0 - -333)?
3
Let w = 487 + -234. Let v = w + -128. What is the hundreds digit of v?
1
Suppose -64*s + 1077 = -267. What is the units digit of s?
1
Let p(u) = u**2 - 15*u + 16. Let n be p(11). What is the units digit of ((-6)/n*-2)/((-6)/42)?
3
Let k = 94 + -211. Let p = k + 197. Suppose q = -4*q + p. What is the tens digit of q?
1
Suppose -625 - 365 = -5*n. Suppose -n = -2*f + 58. What is the hundreds digit of f?
1
Let s = -648 + 233. Let p = s + 585. What is the units digit of p?
0
What is the tens digit of 7721/35 - 12/(-30)?
2
Suppose 4*x = 3*x - 18. Let a = 33 + x. What is the tens digit of a?
1
Suppose -g - 18 = 2*g. Let a(j) = 2*j**2 + 4*j + 5. Let c be a(g). Let b = c + -31. What is the units digit of b?
2
Suppose 3*j + 23 - 5 = -2*u, 3*u = -5*j - 29. What is the units digit of 2*(-69)/(-6) + j?
9
Suppose 2*c = -0*c. Suppose a - 4*a + 9 = c. What is the units digit of ((-3)/(-1))/a - -28?
9
Let n be 15*3/18*4. Let b = 25 - n. Suppose 0*f = 5*f - b. What is the units digit of f?
3
Let g = 1416 - -598. What is the tens digit of g?
1
Let l(s) = s**3 - 2*s**2 + s + 5. Let i be l(-6). Let j = -205 - i. What is the units digit of j?
4
Suppose -m = 3*h - 28, h + 83 - 29 = 3*m. Let c = m + 1. What is the units digit of c?
0
Let w(z) = 473*z + 43. Let s be w(8). Suppose s = 16*v - 173. What is the units digit of v?
0
Let c(y) = -39*y - 66. What is the units digit of c(-24)?
0
Let r = -15 - -11. Let g be (-87)/(-3*r/(-8)). Suppose 0 = -5*f - y + 313, -2*f = -5*y - 167 + g. What is the tens digit of f?
6
Let k = -1 - -3. Suppose -5*z - 2*a + 15 = 0, -2*z - k*a = -4*z - 8. What is the units digit of z/(-1) + -2 - -5?
2
Let a(l) = -73*l**3 + 2*l + 1. Let x = 0 + -1. What is the units digit of a(x)?
2
Suppose -1240 = -3*t + 2126. What is the units digit of t?
2
Suppose 132*x - 109*x = 40296. What is the hundreds digit of x?
7
Let o(c) = 200*c**2 + c - 1. Let d be o(1). Suppose 4*j - 12*j = -d. What is the tens digit of j?
2
Let s(z) = -2 + 13*z**2 + 19*z - 8*z - 9*z. What is the hundreds digit of s(3)?
1
What is the hundreds digit of 2459/(-6)*(-876)/146?
4
Let j = -1392 + 1831. What is the units digit of j?
9
What is the tens digit of (-858)/(-2) - 6 - -5?
2
Let i = 53 - 18. Suppose 0 = 2*t + 3*z - i, 2*t + 3*t - 85 = -5*z. What is the units digit of t?
6
Let v(p) = -p**2 - 13*p - 14. Suppose 5*z - 13 = -3. Let j be (-5*z)/(-9 - -10). What is the units digit of v(j)?
6
Let v be 27/2 - (-8)/(-16). Suppose 0 = v*h - 381 + 17. What is the tens digit of h?
2
Let n(l) = -2*l + 7. Let q be n(8). Let w(b) = b**2 + 10*b + 11. Let y be w(q). Suppose a - 4*p = 7, -3*a + a + y*p + 32 = 0. What is the tens digit of a?
1
Let c(b) = -63*b. Let j be c(-2). Let p = j + -63. What is the tens digit of p?
6
Let b(h) = h**2 + 128. Let w be b(0). Suppose 16 = -5*i + 4*q, i - 2*q + 5 = -3. Suppose i = -6*u + w + 52. What is the tens digit of u?
3
Suppose -4*m + 0*a - 3*a = -72, -18 = -m - 5*a. Suppose w = -2*w + m. What is the units digit of w?
6
Let c be (-1)/(-6) + (-3550)/(-12). Let v = c + -173. Let r = 186 - v. What is the tens digit of r?
6
Let c(t) = -4*t**2 + 5*t - 10. Let g be c(7). Let b = 15 - g. What is the tens digit of b?
8
Let z = 5845 + -3350. What is the thousands digit of z?
2
Suppose -5*u = 3*z - 240, 0 = -3*u - 0*u + z + 144. Let r = -18 + u. What is the units digit of r?
0
Let u = -198 - -2468. Suppose -16*q + 6*q = -u. What is the tens digit of q?
2
Let w(h) = 3*h + 1. Let s be w(1). Let f = 1 + s. Suppose -3*r + 3*k = -108, f*r + 8*k - 225 = 4*k. What is the units digit of r?
1
Let c(s) = s + 2. Let z be c(10). Suppose 2*n + 4*u - 30 = 0, n - 3*u + 7 + 3 = 0. Suppose -z = -n*q + q. What is the units digit of q?
3
Let r be -2 - (4 + (-4 - 5)). Suppose 2*s - 6*s - 5*m = -507, 2*s + r*m = 255. What is the hundreds digit of s?
1
Let i(p) = 0*p**2 - 13 - 26*p + 43 - 16 - p**2. What is the tens di